4*p**3 + 527*p**2 - 897*p - 1675. Determine z(130).
15
Let v(f) = -36*f**2 + 2378*f - 150. Determine v(66).
-18
Let b(x) = -57*x + 989. Give b(22).
-265
Let s(k) = -2789*k + 19641. Give s(7).
118
Let a(r) = -12*r**2 + 31*r + 1014. Determine a(-8).
-2
Let i(f) = -f**2 - 47*f + 9134. Determine i(75).
-16
Let o(l) = -1672*l + 653459. Give o(391).
-293
Let p(w) = 432733*w + 1730937. Determine p(-4).
5
Let j(o) = 3497*o - 80430. Calculate j(23).
1
Let u(i) = -i**2 + 512*i - 35238. What is u(82)?
22
Let c(w) = -4587*w + 46014. Give c(10).
144
Let j(t) = -t**3 + 6*t**2 - 368*t + 1449. Give j(4).
9
Let j(y) = -y**2 - 1528*y + 65873. Determine j(42).
-67
Let d(j) = j**3 + 358*j**2 + 6732*j + 42. What is d(-20)?
602
Let a(o) = 5777*o + 1005175. Give a(-174).
-23
Let j(k) = -7*k**2 + 109*k - 329. Calculate j(11).
23
Let o(n) = 5040*n - 75616. Give o(15).
-16
Let k(i) = i**3 - 131*i**2 - 7318*i - 2174. What is k(-42)?
10
Let o(g) = -88*g + 16021. Calculate o(182).
5
Let i(w) = -820*w + 6951. Determine i(9).
-429
Let a(y) = 3060*y - 79461. Determine a(26).
99
Let p(d) = d**3 + 185*d**2 + 34267*d + 6339394. Determine p(-185).
-1
Let q(s) = 4*s**3 - 50*s**2 - 183*s - 1682. Give q(17).
409
Let t(i) = 4*i**2 - 696*i - 8599. Determine t(186).
329
Let k(h) = 287*h - 164744. Determine k(574).
-6
Let a(u) = 1975136*u + 17776231. Calculate a(-9).
7
Let z(g) = -3*g**3 + 49*g**2 + 204*g + 117. What is z(20)?
-203
Let y(v) = -1596*v - 90045. Calculate y(-59).
4119
Let o(q) = -317*q - 759. Give o(-3).
192
Let l(q) = -9937*q - 437296. Give l(-44).
-68
Let r(u) = -u**3 - 520*u**2 + 3692*u + 1637. Determine r(-527).
56
Let o(t) = -2*t**2 + 39*t - 724. Determine o(23).
-885
Let r(l) = l**2 - 370*l + 10772. What is r(32)?
-44
Let f(b) = 36*b**2 + 171*b - 256. Calculate f(-6).
14
Let c(f) = -467*f - 5745. Calculate c(-13).
326
Let g(i) = -111*i + 3414. What is g(30)?
84
Let c(j) = -393*j + 907. What is c(2)?
121
Let x(m) = -710*m**2 + 486*m + 493. What is x(-1)?
-703
Let t(m) = 44*m**2 + 650*m + 69. Calculate t(-15).
219
Let x(h) = -4*h**3 - 943*h**2 + 100*h - 32094. Give x(-236).
2
Let s(u) = 3*u**3 - 255*u**2 - 21*u + 56. What is s(85)?
-1729
Let x(m) = m**3 + 228*m**2 + 5960*m + 597. Give x(-30).
-3
Let s(i) = -3*i**3 + 26*i**2 - 27*i - 4. Calculate s(3).
68
Let z(h) = 61815*h + 61803. Calculate z(-1).
-12
Let a(o) = 1489*o - 19360. Determine a(13).
-3
Let l(q) = 792*q - 160. What is l(-4)?
-3328
Let j(a) = 91*a - 18546. Give j(207).
291
Let z(c) = 2134*c + 89832. Determine z(-42).
204
Let q(p) = -2*p**2 - 8195*p - 32809. Give q(-4).
-61
Let q(t) = -2*t**3 - 46*t**2 + 1113*t - 1018. Calculate q(-38).
8
Let g(f) = -179*f - 2329. Calculate g(-7).
-1076
Let k(a) = -8*a**2 + 1305*a + 57126. What is k(199)?
13
Let u(z) = -18*z**2 - 198*z - 232. Give u(-6).
308
Let s(f) = 191807*f - 1534455. What is s(8)?
1
Let z(f) = -3*f**3 - 24*f**2 + 135*f - 150. Determine z(-12).
-42
Let b(z) = 10290*z + 18379. Determine b(-2).
-2201
Let p(i) = -51*i**2 - 1437*i - 109. What is p(-28)?
143
Let l(y) = -380*y**3 + 762*y**2 - 31*y + 61. Give l(2).
7
Let y(j) = 55*j**2 + 403*j - 106. Calculate y(-4).
-838
Let n(t) = 2*t**2 - 317*t + 353. What is n(162)?
1487
Let v(h) = -16*h**3 - 101*h**2 + 13*h + 125. Calculate v(-6).
-133
Let f(l) = -2227*l - 269468. Give f(-121).
-1
Let r(v) = -4*v**2 - 129*v + 2294. Determine r(17).
-1055
Let f(m) = m**3 + 26*m**2 - 237*m + 70. Determine f(7).
28
Let r(y) = 2953*y + 52766. Determine r(-19).
-3341
Let w(z) = 7*z**2 - 2026*z + 56766. Determine w(258).
6
Let z(g) = -g**2 - 139388*g + 836369. Determine z(6).
5
Let y(s) = 377*s + 106635. Calculate y(-283).
-56
Let a(c) = 57*c**2 + 515*c + 31. What is a(-7)?
-781
Let h(z) = -3*z**2 - 3398*z - 219178. Give h(-1064).
6
Let z(x) = 2216*x + 201638. Give z(-91).
-18
Let n(c) = -5*c**2 - 121*c - 315. Give n(-26).
-549
Let m(v) = 69929*v - 2237717. Give m(32).
11
Let a(k) = 7*k**3 + 10*k**2 - 100*k + 1. Determine a(-8).
-2143
Let x(i) = -14347*i - 73200. What is x(-5)?
-1465
Let q(m) = 2101*m + 41236. What is q(-20)?
-784
Let h(y) = 29*y**2 - 181*y - 206. Give h(-1).
4
Let z(n) = -6097*n + 48378. Calculate z(8).
-398
Let t(a) = -a**3 + 40*a**2 + 1165*a - 738. What is t(-20)?
-38
Let x(j) = -j**3 - 18*j**2 - 4*j + 531. Determine x(-16).
83
Let p(k) = -2*k**2 - 189*k + 45309. Calculate p(-205).
4
Let j(l) = -2*l**3 - 15*l**2 - 5878*l - 41158. What is j(-7)?
-61
Let x(t) = 11*t**2 + 1602*t + 4163. Give x(-143).
16
Let v(r) = 523*r + 180615. Give v(-346).
-343
Let o(v) = -v**3 - 112*v**2 - 161*v + 95951. Give o(-101).
1
Let h(l) = 17862*l + 71634. What is h(-4)?
186
Let q(h) = -35*h**2 - 373*h + 1899. Give q(4).
-153
Let w(f) = -1707*f**2 - 8527*f + 55. Calculate w(-5).
15
Let v(t) = 4204*t - 31953. Give v(8).
1679
Let x(y) = -5*y**2 - 1021*y - 31666. Calculate x(-38).
-88
Let i(s) = -61*s**2 - 6134*s - 42880. Calculate i(-93).
-7
Let y(u) = 19*u**2 + 217*u - 76518. Calculate y(58).
-16
Let w(x) = -x**3 - 31*x**2 + 3331*x + 2335. Determine w(-75).
10
Let b(c) = -5*c**3 + 45*c**2 - 91*c - 41. Give b(4).
-5
Let z(h) = -22*h**2 + 9691*h - 29086. Calculate z(3).
-211
Let c(h) = -7*h**3 - 51*h**2 - 119*h - 1275. Calculate c(-8).
-3
Let h(a) = 3*a**3 - 1290*a**2 + 10132*a - 1653. Give h(422).
35
Let o(s) = 17*s**3 - 3467*s**2 - 170*s - 6912. Give o(204).
24
Let s(a) = 44*a**2 - 1847*a + 75. Determine s(42).
117
Let i(f) = -3*f**3 - 249*f**2 + 275*f + 1930. Determine i(-84).
-2
Let v(h) = 115273*h - 1844376. Determine v(16).
-8
Let l(k) = -19975*k + 139807. Calculate l(7).
-18
Let k(j) = -126569*j - 379697. What is k(-3)?
10
Let o(f) = -2*f**3 + 1468*f**2 - 2900*f - 20494. Calculate o(732).
2
Let c(t) = -24*t**2 - 20*t + 4. Give c(-2).
-52
Let i(t) = 4159*t - 844186. Give i(203).
91
Let d(r) = -r**3 + 171*r**2 - 4724*r - 4653. Give d(136).
243
Let j(n) = -36158*n - 506209. Give j(-14).
3
Let d(i) = -2*i**2 - 1104*i - 47596. Determine d(-47).
-126
Let r(g) = -499180*g + 1996733. Calculate r(4).
13
Let k(x) = x**3 + 13*x**2 + 1706*x + 5012. Calculate k(-3).
-16
Let k(d) = -231694*d + 2. What is k(0)?
2
Let m(a) = -489*a - 565. Determine m(0).
-565
Let z(r) = 10*r**2 + 43*r + 43. Give z(-1).
10
Let k(c) = -4645*c + 9297. What is k(2)?
7
Let m(f) = -3*f**3 - 468*f**2 - 28*f - 4564. Determine m(-156).
-196
Let n(j) = -300879*j - 17450989. Give n(-58).
-7
Let z(c) = 6*c**2 + 6*c - 1075. Determine z(-14).
17
Let w(i) = -154*i**2 + 38*i + 59. Give w(-2).
-633
Let u(v) = v**3 - 59*v**2 + 872*v - 51420. Give u(59).
28
Let r(g) = 2*g**3 + 2*g**2 + 6*g - 108. Determine r(0).
-108
Let d(v) = -4*v**3 - 4*v**2 + 1079*v + 1081. Give d(-1).
2
Let y(h) = 2*h**3 - 193*h**2 + 2846*h - 50. Give y(16).
4270
Let r(b) = 46857*b + 374872. Give r(-8).
16
Let w(n) = -43801*n + 306619. Give w(7).
12
Let l(s) = 6482*s - 45337. Calculate l(7).
37
Let r(i) = 2*i**3 - 57*i**2 + 262*i + 16. Calculate r(6).
-32
Let u(p) = 46*p**3 - 31*p**2 - 70*p - 14. Give u(-2).
-366
Let z(y) = 2*y**2 + 13*y - 60. Determine z(-18).
354
Let n(w) = -2*w**2 + 306*w + 5177. Give n(168).
137
Let z(v) = -v**3 + 18*v**2 + 399*v - 6833. What is z(22)?
9
Let k(p) = -1790*p + 159306. Give k(89).
-4
Let l(m) = -2*m**3 - 28*m**2 - 2258*m - 43230. What is l(-18)?
6
Let h(p) = -2*p**2 - 295*p - 10166. Calculate h(-93).
-29
Let u(q) = 3*q**3 - 160*q + 985. Give u(5).
560
Let l(q) = 3*q**2 + 269*q + 3688. Give l(-17).
-18
Let c(f) = 23948*f + 191595. Give c(-8).
11
Let s(o) = -o**3 + 38*o**2 - 307*o - 691. Determine s(24).
5
Let v(c) = 293*c + 13443. Calculate v(-46).
-35
Let b(g) = 26*g**3 - g**2 + 55*g - 143. Determine b(3).
715
Let h(y) = -2*y**3 + 7*y**2 + 43*y - 157. What is h(4)?
-1
Let o(s) = 7487*s - 52387. Give o(7).
22
Let f(a) = -433*a**2 - 2530*a + 402. Determine f(-6).
-6
Let u(p) = p**3 + 12*p**2 + 95*p + 747. Calculate u(-11).
-177
Let d(w) = -224740*w + 224746. Calculate d(1).
6
Let b(j) = -j**3 - 8*j**2 - 70*j - 929. Give b(-10).
-29
Let r(f) = 17*f**2 + 338*f + 454. Determine r(-16).
-602
Let i(q) = -q**3 + 36*q**2 + 371*q - 14211. Calculate i(35).
-1
Let b(t) = 44077*t - 1058121. Give b(24).
-273
Let a(p) = -4722*p**2 - 42496*p - 47. What is a(-9)?
-65
Let z(c) = -74*c**2 + 29654*c + 8021. What is z(401)?
1
Let q(p) = 22083*p + 1612039. What is q(-73)?
-20
Let u(d) = d**